{"id":914,"date":"2021-03-11T14:46:50","date_gmt":"2021-03-11T13:46:50","guid":{"rendered":"https:\/\/stojanmedical.com\/sma\/?page_id=914"},"modified":"2021-03-25T13:00:31","modified_gmt":"2021-03-25T12:00:31","slug":"compagnie","status":"publish","type":"page","link":"https:\/\/stojanmedical.com\/sma\/fr\/compagnie\/","title":{"rendered":"Soci\u00e9t\u00e9"},"content":{"rendered":"<div class=\"produkte-leistungen-main\">\r\n\t<div class=\"flex-header\">\r\n\t\t<h2>\r\n\t\t\tSoci\u00e9t\u00e9\r\n\t\t<\/h2>\r\n\t<\/div>\r\n\t<div class=\"produkt-div\">\r\n\t\t<a href=\"https:\/\/stojanmedical.com\/sma\/fr\/compagnie\/team-2\/\">\r\n\t\t\t<div class=\"produkt-titel\">Team<\/div>\r\n\t\t\t<div><img decoding=\"async\" src=\"https:\/\/stojanmedical.com\/sma\/wp-content\/uploads\/sites\/2\/2021\/03\/teambild-Firma.png\" \/><\/div>\r\n\t\t<\/a>\r\n\t<\/div>\r\n\t<div class=\"produkt-div\">\r\n\t\t<a href=\"https:\/\/stojanmedical.com\/sma\/fr\/compagnie\/lhistoire\/\">\r\n\t\t\t<div class=\"produkt-titel\">Histoire<\/div>\r\n\t\t\t<div><img decoding=\"async\" src=\"https:\/\/stojanmedical.com\/sma\/wp-content\/uploads\/sites\/2\/2021\/02\/bg_geschichte-300x169.jpg\" \/><\/div>\r\n\t\t<\/a>\r\n\t<\/div>\r\n<\/div>","protected":false},"excerpt":{"rendered":"<p>Soci\u00e9t\u00e9 Team Histoire<\/p>\n","protected":false},"author":1,"featured_media":0,"parent":0,"menu_order":0,"comment_status":"closed","ping_status":"closed","template":"","meta":{"ngg_post_thumbnail":0,"inline_featured_image":false},"yoast_head":"<!-- This site is optimized with the Yoast SEO plugin v20.4 - https:\/\/yoast.com\/wordpress\/plugins\/seo\/ -->\n<title>Soci\u00e9t\u00e9 -<\/title>\n<meta name=\"robots\" content=\"index, follow, max-snippet:-1, max-image-preview:large, max-video-preview:-1\" \/>\n<link rel=\"canonical\" href=\"https:\/\/stojanmedical.com\/sma\/fr\/compagnie\/\" \/>\n<meta property=\"og:locale\" content=\"de_DE\" \/>\n<meta property=\"og:type\" content=\"article\" \/>\n<meta property=\"og:title\" content=\"Soci\u00e9t\u00e9 -\" \/>\n<meta property=\"og:description\" content=\"Soci\u00e9t\u00e9 Team Histoire\" \/>\n<meta property=\"og:url\" content=\"https:\/\/stojanmedical.com\/sma\/fr\/compagnie\/\" \/>\n<meta property=\"article:modified_time\" content=\"2021-03-25T12:00:31+00:00\" \/>\n<meta property=\"og:image\" content=\"https:\/\/stojanmedical.com\/sma\/wp-content\/uploads\/sites\/2\/2021\/03\/teambild-Firma.png\" \/>\n<meta name=\"twitter:card\" content=\"summary_large_image\" \/>\n<script type=\"application\/ld+json\" class=\"yoast-schema-graph\">{\"@context\":\"https:\/\/schema.org\",\"@graph\":[{\"@type\":\"WebPage\",\"@id\":\"https:\/\/stojanmedical.com\/sma\/fr\/compagnie\/\",\"url\":\"https:\/\/stojanmedical.com\/sma\/fr\/compagnie\/\",\"name\":\"Soci\u00e9t\u00e9 -\",\"isPartOf\":{\"@id\":\"https:\/\/stojanmedical.com\/sma\/de\/#website\"},\"datePublished\":\"2021-03-11T13:46:50+00:00\",\"dateModified\":\"2021-03-25T12:00:31+00:00\",\"breadcrumb\":{\"@id\":\"https:\/\/stojanmedical.com\/sma\/fr\/compagnie\/#breadcrumb\"},\"inLanguage\":\"de\",\"potentialAction\":[{\"@type\":\"ReadAction\",\"target\":[\"https:\/\/stojanmedical.com\/sma\/fr\/compagnie\/\"]}]},{\"@type\":\"BreadcrumbList\",\"@id\":\"https:\/\/stojanmedical.com\/sma\/fr\/compagnie\/#breadcrumb\",\"itemListElement\":[{\"@type\":\"ListItem\",\"position\":1,\"name\":\"Startseite\",\"item\":\"https:\/\/stojanmedical.com\/sma\/de\/\"},{\"@type\":\"ListItem\",\"position\":2,\"name\":\"Soci\u00e9t\u00e9\"}]},{\"@type\":\"WebSite\",\"@id\":\"https:\/\/stojanmedical.com\/sma\/de\/#website\",\"url\":\"https:\/\/stojanmedical.com\/sma\/de\/\",\"name\":\"\",\"description\":\"\",\"potentialAction\":[{\"@type\":\"SearchAction\",\"target\":{\"@type\":\"EntryPoint\",\"urlTemplate\":\"https:\/\/stojanmedical.com\/sma\/de\/?s={search_term_string}\"},\"query-input\":\"required name=search_term_string\"}],\"inLanguage\":\"de\"}]}<\/script>\n<!-- \/ Yoast SEO plugin. -->","yoast_head_json":{"title":"Soci\u00e9t\u00e9 -","robots":{"index":"index","follow":"follow","max-snippet":"max-snippet:-1","max-image-preview":"max-image-preview:large","max-video-preview":"max-video-preview:-1"},"canonical":"https:\/\/stojanmedical.com\/sma\/fr\/compagnie\/","og_locale":"de_DE","og_type":"article","og_title":"Soci\u00e9t\u00e9 -","og_description":"Soci\u00e9t\u00e9 Team Histoire","og_url":"https:\/\/stojanmedical.com\/sma\/fr\/compagnie\/","article_modified_time":"2021-03-25T12:00:31+00:00","og_image":[{"url":"https:\/\/stojanmedical.com\/sma\/wp-content\/uploads\/sites\/2\/2021\/03\/teambild-Firma.png"}],"twitter_card":"summary_large_image","schema":{"@context":"https:\/\/schema.org","@graph":[{"@type":"WebPage","@id":"https:\/\/stojanmedical.com\/sma\/fr\/compagnie\/","url":"https:\/\/stojanmedical.com\/sma\/fr\/compagnie\/","name":"Soci\u00e9t\u00e9 -","isPartOf":{"@id":"https:\/\/stojanmedical.com\/sma\/de\/#website"},"datePublished":"2021-03-11T13:46:50+00:00","dateModified":"2021-03-25T12:00:31+00:00","breadcrumb":{"@id":"https:\/\/stojanmedical.com\/sma\/fr\/compagnie\/#breadcrumb"},"inLanguage":"de","potentialAction":[{"@type":"ReadAction","target":["https:\/\/stojanmedical.com\/sma\/fr\/compagnie\/"]}]},{"@type":"BreadcrumbList","@id":"https:\/\/stojanmedical.com\/sma\/fr\/compagnie\/#breadcrumb","itemListElement":[{"@type":"ListItem","position":1,"name":"Startseite","item":"https:\/\/stojanmedical.com\/sma\/de\/"},{"@type":"ListItem","position":2,"name":"Soci\u00e9t\u00e9"}]},{"@type":"WebSite","@id":"https:\/\/stojanmedical.com\/sma\/de\/#website","url":"https:\/\/stojanmedical.com\/sma\/de\/","name":"","description":"","potentialAction":[{"@type":"SearchAction","target":{"@type":"EntryPoint","urlTemplate":"https:\/\/stojanmedical.com\/sma\/de\/?s={search_term_string}"},"query-input":"required name=search_term_string"}],"inLanguage":"de"}]}},"_links":{"self":[{"href":"https:\/\/stojanmedical.com\/sma\/wp-json\/wp\/v2\/pages\/914"}],"collection":[{"href":"https:\/\/stojanmedical.com\/sma\/wp-json\/wp\/v2\/pages"}],"about":[{"href":"https:\/\/stojanmedical.com\/sma\/wp-json\/wp\/v2\/types\/page"}],"author":[{"embeddable":true,"href":"https:\/\/stojanmedical.com\/sma\/wp-json\/wp\/v2\/users\/1"}],"replies":[{"embeddable":true,"href":"https:\/\/stojanmedical.com\/sma\/wp-json\/wp\/v2\/comments?post=914"}],"version-history":[{"count":7,"href":"https:\/\/stojanmedical.com\/sma\/wp-json\/wp\/v2\/pages\/914\/revisions"}],"predecessor-version":[{"id":1052,"href":"https:\/\/stojanmedical.com\/sma\/wp-json\/wp\/v2\/pages\/914\/revisions\/1052"}],"wp:attachment":[{"href":"https:\/\/stojanmedical.com\/sma\/wp-json\/wp\/v2\/media?parent=914"}],"curies":[{"name":"wp","href":"https:\/\/api.w.org\/{rel}","templated":true}]}}